site?
True
Is 1981 composite?
True
Is 58309 prime?
True
Is 779621 a prime number?
True
Is 3051349 prime?
False
Is 57217 a prime number?
False
Is 216943 a prime number?
False
Is 2491 a composite number?
True
Is 54037 composite?
False
Is 711793 a prime number?
True
Is 761 a composite number?
False
Is 404617 a prime number?
False
Is 33301 a prime number?
True
Is 618253 a prime number?
True
Is 8457 a prime number?
False
Is 35729 a prime number?
True
Is 37781 a composite number?
False
Is 3397703 a prime number?
True
Is 29077 composite?
False
Is 17581 composite?
False
Is 9689 a composite number?
False
Is 20521 composite?
False
Is 1322 composite?
True
Is 10529 prime?
True
Is 199817 a composite number?
True
Is 4489 a composite number?
True
Is 6863 composite?
False
Is 238099 prime?
True
Is 4129871 prime?
True
Is 437381 a prime number?
False
Is 40019 a prime number?
False
Is 212699 prime?
False
Is 968153 prime?
False
Is 421999 prime?
False
Is 1026997 a composite number?
True
Is 73819 a composite number?
False
Is 25943 a prime number?
True
Is 447841 composite?
False
Is 74117 prime?
False
Is 3157639 prime?
True
Is 3557 a prime number?
True
Is 39419 composite?
False
Is 1361 composite?
False
Is 118267 a prime number?
False
Is 35749 prime?
False
Is 71527 a prime number?
True
Is 13259 a prime number?
True
Is 1333 composite?
True
Is 149069 a prime number?
True
Is 13241 a prime number?
True
Is 215623 a composite number?
True
Is 14281 prime?
True
Is 21247 a prime number?
True
Is 415331 prime?
False
Is 17587 a composite number?
True
Is 129419 a composite number?
False
Is 172693 a composite number?
True
Is 8221 prime?
True
Is 143357 prime?
True
Is 283541 a composite number?
False
Is 30399 composite?
True
Is 631 prime?
True
Is 21971 a composite number?
True
Is 3641 a prime number?
False
Is 23398 a composite number?
True
Is 12959 prime?
True
Is 8101 a prime number?
True
Is 6737 prime?
True
Is 71933 prime?
True
Is 98773 prime?
True
Is 23183 a prime number?
False
Is 765533 a composite number?
False
Is 68621 a prime number?
False
Is 929653 a composite number?
True
Is 81751 a composite number?
True
Is 116089 composite?
False
Is 154519 prime?
False
Is 356901 a composite number?
True
Is 13513 prime?
True
Is 8117 composite?
False
Is 40101 a prime number?
False
Is 17657 composite?
False
Is 274717 prime?
False
Is 18617 a composite number?
False
Is 7835 a prime number?
False
Is 313073 composite?
True
Is 25103 prime?
False
Is 22757 a composite number?
True
Is 90421 a prime number?
False
Is 5449 composite?
False
Is 87757 prime?
False
Is 330997 a prime number?
True
Is 49015 a composite number?
True
Is 5707 prime?
False
Is 13483 prime?
False
Is 11633 a composite number?
False
Is 52063 a prime number?
False
Is 2437 composite?
False
Is 8419 a composite number?
False
Is 395521 a prime number?
False
Is 22961 composite?
False
Is 173441 composite?
True
Is 87569 a prime number?
False
Is 514 a composite number?
True
Is 63197 a prime number?
True
Is 108434 a composite number?
True
Is 2633 a prime number?
True
Is 11821 a composite number?
False
Is 136385 prime?
False
Is 77003 prime?
True
Is 442939 prime?
False
Is 26623 composite?
True
Is 17569 a prime number?
True
Is 12367 prime?
False
Is 269239 prime?
False
Is 100291 a composite number?
False
Is 723791 a composite number?
False
Is 19281 composite?
True
Is 490517 a composite number?
True
Is 88453 a composite number?
True
Is 385799 a prime number?
False
Is 195979 a prime number?
False
Is 39418 prime?
False
Is 321 a prime number?
False
Is 65167 a prime number?
True
Is 14071 prime?
True
Is 7817 a prime number?
True
Is 5711 a composite number?
False
Is 76333 a prime number?
True
Is 3106 composite?
True
Is 676463 composite?
False
Is 132917 a prime number?
False
Is 4105 a prime number?
False
Is 2875847 composite?
True
Is 8849 a composite number?
False
Is 118861 prime?
True
Is 10433 composite?
False
Is 94181 a composite number?
True
Is 3293 a prime number?
False
Is 86474 composite?
True
Is 9239 composite?
False
Is 193841 prime?
True
Is 521953 a prime number?
False
Is 214153 a composite number?
True
Is 614 prime?
False
Is 3791 a composite number?
True
Is 15877 a prime number?
True
Is 12531 prime?
False
Is 694061 composite?
False
Is 33038 composite?
True
Is 872317 composite?
False
Is 1003519 prime?
False
Is 7253 composite?
False
Is 13045 composite?
True
Is 21433 prime?
True
Is 23159 composite?
False
Is 124261 a composite number?
True
Is 26791 composite?
True
Is 14071 a prime number?
True
Is 13997 a prime number?
True
Is 5953 composite?
False
Is 7607 prime?
True
Is 271873 a prime number?
False
Is 10531 a composite number?
False
Is 6999 a composite number?
True
Is 1121 prime?
False
Is 11657 composite?
False
Is 301949 composite?
False
Is 893093 composite?
False
Is 9049 composite?
False
Is 217489 a prime number?
True
Is 5057 prime?
False
Is 1477 prime?
False
Is 1117 prime?
True
Is 766271 a prime number?
False
Is 616097 a prime number?
False
Is 21377 a prime number?
True
Is 48086 prime?
False
Is 60943 a composite number?
False
Is 11437 prime?
True
Is 32821 a composite number?
True
Is 118537 composite?
True
Is 1069127 a composite number?
False
Is 2435149 prime?
True
Is 30011 composite?
False
Is 30631 composite?
False
Is 15901 a prime number?
True
Is 302143 a composite number?
False
Is 1800197 a composite number?
True
Is 1311797 a prime number?
True
Is 220637 prime?
False
Is 435466 a composite number?
True
Is 5773 prime?
False
Is 8035 prime?
False
Is 1757081 a composite number?
True
Is 10757 a composite number?
True
Is 2999 prime?
True
Is 29591 composite?
True
Is 28463 prime?
True
Is 92297 a prime number?
True
Is 221573 prime?
False
Is 2360279 composite?
False
Is 8387 prime?
True
Is 481259 prime?
False
Is 22247 a prime number?
True
Is 223 a prime number?
True
Is 76223 a composite number?
True
Is 407399 a composite number?
True
Is 2333 prime?
True
Is 6599 a prime number?
True
Is 65019 composite?
True
Is 21283 prime?
True
Is 7177 prime?
True
Is 1073 composite?
True
Is 1634405 a prime number?
False
Is 19853 a prime number?
True
Is 24593 composite?
False
Is 15419 prime?
False
Is 3629099 a composite number?
False
Is 18805 a composite number?
True
Is 495761 a composite number?
True
Is 21797 composite?
True
Is 321355 a composite number?
True
Is 26167 composite?
True
Is 15559 a prime number?
True
Is 40387 a prime number?
True
Is 7639 prime?
True
Is 40889 a composite number?
True
Is 2545593 a prime number?
False
Is 125663 prime?
False
Is 64049 prime?
False
Is 382562 composite?
True
Is 4861 a composite number?
False
Is 37707 composite?
True
Is 44101 composite?
False
Is 637913 a prime number?
False
Is 20329 prime?
False
Is 2579 a prime number?
True
Is 4308539 a prime number?
False
Is 14279 a prime number?
False
Is 21313 a composite number?
False
Is 268239 prime?
False
Is 491437 composite?
True
Is 52499 composite?
True
Is 1996133 composite?
True
Is 24527 prime?
True
Is 274237 prime?
True
Is 23081 composite?
False
Is 182639 prime?
True
Is 3949 a composite number?
True
Is 8501 prime?
True
Is 2219 a composite number?
True
Is 303463 prime?
True
Is 80455 composite?
True
Is 251 composite?
False
Is 695239 prime?
True
Is 11338 a composite number?
True
Is 109439 composite?
True
Is 49919 a prime number?
True
Is 84629 a composite number?
False
Is 1217 composite?
False
Is 965893 a composite number?
False
Is 16373 composite?
True
Is 44833 prime?
False
Is 1703 a composite number?
True
Is 35813 prime?
False
Is 3683 prime?
False
Is 76871 prime?
True
Is 1171 prime?
True
Is 218381 a composite number?
False
Is 6749 prime?
False
Is 65447 a prime number?
True
Is 1469 prime?
False
Is 860822 prime?
False
Is 15493 a composite number?
False
Is 142727 a composite number?
True
Is 1384687 composite?
True
Is 30631 a prime number?
True
Is 9533 composite?
False
Is 1181 a composite number?
False
Is 224195 a composite number?
True
Is 140387 a composite number?
True
Is 15943 composite?
True
Is 662 a prime number?
False
Is 17566 composite?
True
Is 37483 prime?
True
Is 3163 composite?
False
Is 10331 a composite number?
False
Is 57055 composite?
True
Is 1073 a composite number?
True
Is 33529 prime?
True
Is 233853 a composite number?
True
Is 16319 composite?
False
Is 19373 a composite number?
False
